pose -2262*n = -2261*n + 5*q - 27585, 2*n = 2*q + 55254. What are the prime factors of n?
2, 5, 1381
Let m be (2233 + 2)*27/45. Suppose 0 = -t + 4*l + m, 3*t - 8*l - 4088 = -9*l. List the prime factors of t.
1361
Let i(a) = a**3 + 9*a**2 + 17*a + 4. Let b be i(-6). Suppose 0 = -b*w + 7*w + 9. Suppose -m + 6*m - 273 = -w*v, 3*m - 157 = 5*v. List the prime factors of m.
2, 3
Suppose -205084 - 35660 = -56*z. List the prime factors of z.
3, 1433
Let n be (-19)/(12/3 - 5). Let d be n*-1*(-28 - -18). Suppose h = 4*q - 497, -3*h + 164 + d = 3*q. What are the prime factors of q?
3, 41
Let p(k) = -7*k**3 + 4*k**2 + k + 16. Let d be p(-6). Suppose 0 = -4*l + d + 2030. What are the prime factors of l?
2, 3, 7, 11
Let u(x) = 428*x**2 + 3*x - 19. What are the prime factors of u(4)?
6841
Suppose -t + 12 = -158. Let m = 832 - t. What are the prime factors of m?
2, 331
Let l be -1 - (3 + 0 + -6). Suppose -344 = 3*y - 5*y - l*q, -5*q + 168 = y. What are the prime factors of y?
173
Let s(a) = -a**2 + 2*a + 38. Let l be s(7). Suppose -10*o = -l*o - 1855. What are the prime factors of o?
5, 53
Let r(v) = 5 + v**3 - 7*v**2 + 6 - 9*v + 1 + 0. Let m be r(8). Suppose m*t = t + 141. What are the prime factors of t?
47
Let y(q) be the second derivative of q**5/5 - q**4/3 - 19*q**3/6 + 6*q**2 - 52*q + 2. List the prime factors of y(5).
317
Suppose 0 = 5*m + 1297 + 3818. Let i = -545 - m. List the prime factors of i.
2, 239
Let z be (-6 - -5)/((-35)/15 + 2). Suppose -803 = z*p - 3509. What are the prime factors of p?
2, 11, 41
Suppose -x = 2*s - 5, -5 = 3*s - 8*s. Suppose -379 = 5*o - 3*b, -83 = -x*o + 4*o + 3*b. Let r = o - -205. What are the prime factors of r?
2
Let j(w) = 160*w + 3805. List the prime factors of j(0).
5, 761
Suppose -5*s - 4*z = -213, s = 5*s - 2*z - 186. Let c = s - 40. Suppose c*a - a = -4*x + 340, -a = -5. What are the prime factors of x?
2, 5
Suppose -2*c = 5*u - 21715 - 11130, -49264 = -3*c - 4*u. List the prime factors of c.
2, 5, 821
Let f be (66/(-9))/(6/342). Let u = f + 587. List the prime factors of u.
13
Let m(s) = 4*s**2 - 3*s - 17. Let l be m(-3). Suppose l*d - 1909 = 8283. List the prime factors of d.
2, 7, 13
Let d(g) = -29*g**2 + 11*g + 4. Let m(s) = -s**2 + 2*s - 1. Let r(b) = -d(b) - 2*m(b). What are the prime factors of r(2)?
2, 23
Suppose 0*q - 4*q + 104 = 0. Let b = -21 + q. Suppose -58 = -4*x + b*r + 47, 0 = -2*x - 3*r + 69. List the prime factors of x.
2, 3, 5
Let h = 13618 + -6615. What are the prime factors of h?
47, 149
Let h(p) = 15*p**3 + 3*p**2 + 7*p + 27. List the prime factors of h(5).
2, 503
Let p(k) = -k**3 + 12*k**2 + k + 12. Let o be p(9). Let c = -165 + o. Let s = -35 + c. What are the prime factors of s?
2
Suppose 0 = u - 275 - 489. Let t = -317 - -559. Suppose -9*k + u = t. What are the prime factors of k?
2, 29
Let g be 4/(-14) + (-160)/28. Let m(k) = 669 - 3*k - 3*k + 667 - 1327 + k**2. List the prime factors of m(g).
3
Suppose -14*b + 4*b + 26600 = 0. Suppose 5*f = f + b. List the prime factors of f.
5, 7, 19
List the prime factors of 1771/(-759) - 4166/(-6).
2, 173
Suppose -s + 4*j + 35105 = 13750, 85366 = 4*s + 2*j. What are the prime factors of s?
7, 3049
Let x = -2 - -13. Suppose -x*l = -12*l. Suppose l = -m - 5*m + 84. What are the prime factors of m?
2, 7
Let y be (-315)/28*(-32)/(-6). Let u be (-1 - -2)/((-3)/(-399)). Let t = u - y. What are the prime factors of t?
193
Suppose -z + 0*z = 5*v - 40, 0 = -4*z - 3*v + 109. Let l = z + 29. Suppose -l*c = -57*c + 342. What are the prime factors of c?
2, 3, 19
Suppose -2*a - 3*h = -314, -6*a = -4*a - h - 330. Suppose -3*u + a = 7. Suppose -35 = -u*d + 51*d. What are the prime factors of d?
5, 7
Let m(d) = 2444*d**2 - 10*d + 103. What are the prime factors of m(5)?
61153
Let u = 410 + -397. Suppose u*d + 959 = 14*d. List the prime factors of d.
7, 137
Suppose -m - 3*m = 112. Let p be 4/14 + 456/m + -2. Let x = p - -39. List the prime factors of x.
3, 7
Suppose 39*i - 60000 = -8598. List the prime factors of i.
2, 659
Let w(k) = 14*k**2 + 13*k - 37. Suppose -4*g - 36 - 7 = -o, 5*o = -3*g - 38. List the prime factors of w(g).
2, 757
Let v be 3*(-3)/(36/(-140)). Let w = 38 - v. What are the prime factors of (w/2)/((-3)/(-148))?
2, 37
Let c = 637 + 8863. What are the prime factors of c?
2, 5, 19
Let b(t) = -15*t + 123. Suppose 2*y + 20 = 5*g, 9*y - 10*y - 2*g = 19. List the prime factors of b(y).
2, 3, 29
Suppose 0 = -v - 4*i + 61, 5*i + 199 + 52 = 3*v. Suppose -12*g + 5*g - v = 0. Let o = 119 - g. What are the prime factors of o?
2, 5, 13
Let c = -315 + 319. Suppose a = c*b - 3797 - 533, 3*b = 3*a + 3243. List the prime factors of b.
3, 19
Let f = 8914 - -14197. What are the prime factors of f?
11, 191
Suppose -1549 = -4*v - 5*c, 4 = 2*c + 2. Suppose 0 = -21*l + 19*l + v. Let k = l - 102. What are the prime factors of k?
7, 13
Let g = 32 - 28. Suppose 0 = -4*i + g*w + 1536, i = w - 4*w + 396. List the prime factors of i.
3, 43
Let n be ((-22)/(-8) + -2)/(3/12). Let o = 153 - n. What are the prime factors of o?
2, 3, 5
Suppose 186*r + 441792 = 238*r. What are the prime factors of r?
2, 3, 59
Suppose 2 = 2*s + 10. Let m(f) = -2*f**3 - 8*f**2 - 2*f - 6. Let x be m(s). Suppose 0 = -x*u + 116 + 46. List the prime factors of u.
3
Let x(s) = s**2 + 13*s + 14. Let m(w) = -w + 1. Let h(v) = 5*m(v) - x(v). Let d be h(-19). What are the prime factors of (-1 - 8)/((-1)/(d/(-6)))?
2, 3, 7
Let w(m) = 18*m - m**2 + 6 + 4 - 15*m + 37*m. List the prime factors of w(27).
19
Let w = 3071 - -104. List the prime factors of w.
5, 127
Let v(r) = -98*r + 4004. What are the prime factors of v(-71)?
2, 3, 7, 29
Suppose l + 168*c = 170*c + 1129, -4*c + 24 = 0. What are the prime factors of l?
7, 163
Let w(v) = 9*v**3 + 7*v**2 - 10*v + 44. What are the prime factors of w(9)?
2, 3541
Let n = 351 + -208. Suppose 12*u + 441 = -339. Let j = n + u. List the prime factors of j.
2, 3, 13
What are the prime factors of (1/(-1))/(71309/14262 - 5)?
2, 3, 2377
Let p(h) = -92*h**3 - h. Let k(b) = 2*b**3 - 23*b**2 + 14*b - 16. Let y be k(11). Suppose 5*t = -3*f - y, 2*t + 0 - 6 = 2*f. List the prime factors of p(t).
3, 31
Let q(f) = 20*f**2 + 11 + 27*f - 54 + 16 + 4*f. What are the prime factors of q(-8)?
3, 5, 67
Let t(j) = 4393*j + 1063. List the prime factors of t(4).
5, 3727
Let q = 2673 + -2535. List the prime factors of q.
2, 3, 23
Let p(o) = o**2 + 11*o + 3510. What are the prime factors of p(103)?
2, 3, 31, 41
Let f(z) = -z**2 - 15*z + 14. Let m be f(-16). List the prime factors of (-18846)/(-27)*(2 - 3)/m.
349
Let i be (-2083)/2 + 28/56. Let d = -559 - i. What are the prime factors of d?
2, 241
Let d = -231 + -18. Let h be (-4)/(20/(-15)) - (-398 - 13). Let t = d + h. What are the prime factors of t?
3, 5, 11
Let i(a) = a**3 + 37*a**2 - 25*a - 56. List the prime factors of i(-26).
2, 5, 11, 73
Suppose 6*l = -3*l + 15318. Suppose -2272 = -4*i - 0*k + 4*k, 0 = -3*i + 2*k + l. What are the prime factors of i?
2, 283
Let g = 24206 + -9946. List the prime factors of g.
2, 5, 23, 31
Suppose -4*u + x = 108, 4*u - 5*x - 160 = 9*u. Let s = u + 903. List the prime factors of s.
5, 7
Suppose 22*k - 18*k + 24 = 0. What are the prime factors of 25155/156*(-2 + (-44)/k)?
2, 5, 43
Suppose 1424*h + 127031 = 1454*h - 172939. What are the prime factors of h?
3, 11, 101
Suppose 3*j - 277 = -277. Suppose 5*c - n - 533 = j, -105 = -c - 0*n + n. List the prime factors of c.
107
Suppose 4*w + 449*c = 453*c + 38160, -3*w = -c - 28628. List the prime factors of w.
2, 1193
Let j = -2034 + 4545. Suppose 7*t - j = 86. List the prime factors of t.
7, 53
Let f be 0 + 4 + (0 - 5) + -563. List the prime factors of (-3 - f) + 8 + -8.
3, 11, 17
Suppose -15 = -16*v + 13*v. Suppose 3*b + 5 = 4*t - 9, 5*b - t - v = 0. List the prime factors of 104/12*3/b.
13
Suppose -10*o + 6950 = -8*o. List the prime factors of o.
5, 139
Let t(s) = -30*s + 3. Let n be t(13). Let k = n + 724. Suppose -3*z + k + 110 = 0. What are the prime factors of z?
149
Suppose 17*r - 20*r + 1689 = 2*m, 0 = 3*r - 4*m - 1689. Let x = r - -805. List the prime factors of x.
2, 3, 19
Suppose 3*f + 4920 = -2*z + 4*f, 4*z + 2*f = -9824. Let r = 3825 + z. What are the prime factors of r?
1367
Let g(s) = -27*s - 43. Let y be g(-1). List the prime factors of 903 + 4 